{"id":206,"date":"2019-02-28T11:35:10","date_gmt":"2019-02-28T10:35:10","guid":{"rendered":"https:\/\/girardi-pauly.com\/20192\/?page_id=206"},"modified":"2023-01-09T12:23:02","modified_gmt":"2023-01-09T11:23:02","slug":"henri-grundofen","status":"publish","type":"page","link":"https:\/\/henriofen.de\/cms\/henri-grundofen\/","title":{"rendered":"HENRI Grundofen"},"content":{"rendered":"<div id=\"themify_builder_content-206\" data-postid=\"206\" class=\"themify_builder_content themify_builder_content-206 themify_builder\">\n    \t<!-- module_row -->\n\t<div   class=\"themify_builder_row module_row clearfix repeat module_row_0 themify_builder_206_row module_row_206-0 tb_58e7b04\">\n\t    \t    <div class=\"row_inner col_align_top\" >\n\t\t\t<div  class=\"module_column tb-column col4-2 first tb_206_column module_column_0 module_column_206-0-0 tb_dae7ad9\">\n\t    \t    \t        <div class=\"tb-column-inner\">\n\t\t        <!-- module image -->\n    <div  class=\"module module-image tb_6ad9982  image-top  \">\n\t                <div class=\"image-wrap\">\n                            <img decoding=\"async\" loading=\"lazy\" width=\"1920\" height=\"1250\" src=\"https:\/\/henriofen.de\/cms\/wp-content\/uploads\/2023\/01\/Cantzheim-Kanzem-23194i.jpg\" class=\" wp-post-image wp-image-1181\" alt=\"HENRI_Grundofen_anthrazit_1\" srcset=\"https:\/\/henriofen.de\/cms\/wp-content\/uploads\/2023\/01\/Cantzheim-Kanzem-23194i.jpg 1920w, https:\/\/henriofen.de\/cms\/wp-content\/uploads\/2023\/01\/Cantzheim-Kanzem-23194i-300x195.jpg 300w, https:\/\/henriofen.de\/cms\/wp-content\/uploads\/2023\/01\/Cantzheim-Kanzem-23194i-1024x667.jpg 1024w, https:\/\/henriofen.de\/cms\/wp-content\/uploads\/2023\/01\/Cantzheim-Kanzem-23194i-768x500.jpg 768w, https:\/\/henriofen.de\/cms\/wp-content\/uploads\/2023\/01\/Cantzheim-Kanzem-23194i-1536x1000.jpg 1536w\" sizes=\"(max-width: 1920px) 100vw, 1920px\" \/>            \n                        <\/div>\n            <!-- \/image-wrap -->\n        \n        \n        <\/div>\n    <!-- \/module image -->\n\t        <\/div>\n\t    \t<\/div>\n\t\t<div  class=\"module_column tb-column col4-2 last tb_206_column module_column_1 module_column_206-0-1 tb_0bf04cd\">\n\t    \t    \t        <div class=\"tb-column-inner\">\n\t\t    <!-- module text -->\n<div  class=\"module module-text tb_515112c  repeat  \">\n            <div  class=\"tb_text_wrap\">\n    <p>F\u00fcr das technische Innenleben, <strong>HENRI<\/strong>s Brennkammer, nutzen wir den gepr\u00fcften und zertifizierten Feuerraum von<br \/><a href=\"https:\/\/www.850grad.org\/\" target=\"_blank\" rel=\"noopener\"><strong><em>850\u00b0 Handwerklicher Grundofen e.V<\/em><\/strong>.<\/a> Wir sind Mitglied in dem Zusammenschluss von mehreren Ofenbauern, die sich dem Bau von handwerklichen Grund\u00f6fen mit hohem Wirkungsgrad verschrieben haben.\u00a0<\/p>\n<p>\u00a0Nur 135cm hoch, 36cm breit und 45cm tief mit einem Rauchgaszugsystem von bis zu 2 Metern h\u00e4lt unser Speicherwunder <strong>HENRI<\/strong> die W\u00e4rme \u00fcber viele Stunden.<\/p>\n<p><strong>HENRI<\/strong> Grundofen ist der ideale Speicherofen f\u00fcr gut isolierte Wohnungen, kleinere R\u00e4ume sowie Niedrigenergieh\u00e4user.<\/p>\n<p><strong>HENRI<\/strong> Grundofen ist ein Produkt aus dem Handwerk. Er wird individuell f\u00fcr Sie gefertigt.<\/p>\n<p><strong>HENRI<\/strong> Grundofen gibt es in vielen verschiedenen Farben und Ausf\u00fchrungen. In Betonoptik grob oder fein, von hellgrau bis anthrazit und Weiss. <br \/>Ganz individuell in handgemachter Keramik in verschiedenen Glasurfarben, mit oder ohne Reliefs.<\/p>\n<p>Preise auf Anfrage<\/p>    <\/div>\n<\/div>\n<!-- \/module text -->\n\t        <\/div>\n\t    \t<\/div>\n\t\t    <\/div>\n\t    <!-- \/row_inner -->\n\t<\/div>\n\t<!-- \/module_row -->\n\t\t<!-- module_row -->\n\t<div   class=\"themify_builder_row module_row clearfix repeat module_row_1 themify_builder_206_row module_row_206-1 tb_a6d2fe4\">\n\t    \t    <div class=\"row_inner col_align_middle\" >\n\t\t\t<div  class=\"module_column tb-column col4-3 first tb_206_column module_column_0 module_column_206-1-0 tb_3edcee8\" style=\"width: 86.8%\">\n\t    \t    \t        <div class=\"tb-column-inner\">\n\t\t    \t<div  class=\"themify_builder_sub_row module_subrow clearfix sub_row_1-0-0 tb_012b281\">\n\t    \t    <div class=\"subrow_inner col_align_top\" >\n\t\t\t<div  class=\"sub_column module_column col-full first sub_column_post_206 sub_column_1-0-0-0 tb_46b0417\"> \n\t    \t    \t        <div class=\"tb-column-inner\">\n\t\t        <!-- module gallery -->\n    <div  class=\"module gallery module-gallery tb_04ea953 gallery-columns-6 gallery-masonry layout-grid   \">\n\t                \n    <dl class=\"gallery-item\">\n        <dt class=\"gallery-icon\">\n        <a data-title=\"\" title=\"\" href=\"https:\/\/henriofen.de\/cms\/wp-content\/uploads\/2023\/01\/Cantzheim-Kanzem-23203i.jpg\"><img decoding=\"async\" loading=\"lazy\" src=\"https:\/\/henriofen.de\/cms\/wp-content\/uploads\/2023\/01\/Cantzheim-Kanzem-23203i-1024x631-450x400.jpg\" width=\"450\" height=\"400\" class=\" wp-post-image wp-image-1182\" alt=\"HENRI_Grundofen_anthrazit_2\" \/><\/a>        <\/dt>\n        <dd>\n                                <\/dd>\n    <\/dl>\n\n\n    <dl class=\"gallery-item\">\n        <dt class=\"gallery-icon\">\n        <a data-title=\"\" title=\"\" href=\"https:\/\/henriofen.de\/cms\/wp-content\/uploads\/2023\/01\/Cantzheim-Kanzem-23223i.jpg\"><img decoding=\"async\" loading=\"lazy\" src=\"https:\/\/henriofen.de\/cms\/wp-content\/uploads\/2023\/01\/Cantzheim-Kanzem-23223i-1024x1024-450x400.jpg\" width=\"450\" height=\"400\" class=\" wp-post-image wp-image-1183\" alt=\"HENRI_Grundofen_anthrazit_3\" \/><\/a>        <\/dt>\n        <dd>\n                                <\/dd>\n    <\/dl>\n\n\n    <dl class=\"gallery-item\">\n        <dt class=\"gallery-icon\">\n        <a data-title=\"\" title=\"\" href=\"https:\/\/henriofen.de\/cms\/wp-content\/uploads\/2021\/01\/HENRI.1.klein_.jpg\"><img decoding=\"async\" loading=\"lazy\" src=\"https:\/\/henriofen.de\/cms\/wp-content\/uploads\/2021\/01\/HENRI.1.klein_-1024x768-450x400.jpg\" width=\"450\" height=\"400\" class=\" wp-post-image wp-image-1057\" alt=\"HENRI Betonoptik mit Sockel\" \/><\/a>        <\/dt>\n        <dd>\n                                <\/dd>\n    <\/dl>\n\n\n    <dl class=\"gallery-item\">\n        <dt class=\"gallery-icon\">\n        <a data-title=\"\" title=\"\" href=\"https:\/\/henriofen.de\/cms\/wp-content\/uploads\/2019\/03\/henri1-1.jpg\"><img decoding=\"async\" loading=\"lazy\" src=\"https:\/\/henriofen.de\/cms\/wp-content\/uploads\/2019\/03\/henri1-1-1024x683-450x400.jpg\" width=\"450\" height=\"400\" class=\" wp-post-image wp-image-316\" alt=\"HENRI Grundofen\" \/><\/a>        <\/dt>\n        <dd>\n                                <\/dd>\n    <\/dl>\n\n\n    <dl class=\"gallery-item\">\n        <dt class=\"gallery-icon\">\n        <a data-title=\"\" title=\"\" href=\"https:\/\/henriofen.de\/cms\/wp-content\/uploads\/2019\/03\/henri1-2.jpg\"><img decoding=\"async\" loading=\"lazy\" src=\"https:\/\/henriofen.de\/cms\/wp-content\/uploads\/2019\/03\/henri1-2-676x1024-450x400.jpg\" width=\"450\" height=\"400\" class=\" wp-post-image wp-image-317\" alt=\"HENRI Grundofen\" \/><\/a>        <\/dt>\n        <dd>\n                                <\/dd>\n    <\/dl>\n\n\n    <dl class=\"gallery-item\">\n        <dt class=\"gallery-icon\">\n        <a data-title=\"\" title=\"\" href=\"https:\/\/henriofen.de\/cms\/wp-content\/uploads\/2019\/03\/henri1-4.jpg\"><img decoding=\"async\" loading=\"lazy\" src=\"https:\/\/henriofen.de\/cms\/wp-content\/uploads\/2019\/03\/henri1-4-1024x773-450x400.jpg\" width=\"450\" height=\"400\" class=\" wp-post-image wp-image-318\" alt=\"HENRI Grundofen\" \/><\/a>        <\/dt>\n        <dd>\n                                <\/dd>\n    <\/dl>\n\n\n    <dl class=\"gallery-item\">\n        <dt class=\"gallery-icon\">\n        <a data-title=\"\" title=\"\" href=\"https:\/\/henriofen.de\/cms\/wp-content\/uploads\/2019\/03\/henri1-3.jpg\"><img decoding=\"async\" loading=\"lazy\" src=\"https:\/\/henriofen.de\/cms\/wp-content\/uploads\/2019\/03\/henri1-3-572x1024-450x400.jpg\" width=\"450\" height=\"400\" class=\" wp-post-image wp-image-314\" alt=\"HENRI Grundofen\" \/><\/a>        <\/dt>\n        <dd>\n                                <\/dd>\n    <\/dl>\n\n\n    <dl class=\"gallery-item\">\n        <dt class=\"gallery-icon\">\n        <a data-title=\"\" title=\"\" href=\"https:\/\/henriofen.de\/cms\/wp-content\/uploads\/2019\/06\/HENRI.Keramik.1.jpg\"><img decoding=\"async\" loading=\"lazy\" src=\"https:\/\/henriofen.de\/cms\/wp-content\/uploads\/2019\/06\/HENRI.Keramik.1-768x1024-450x400.jpg\" width=\"450\" height=\"400\" class=\" wp-post-image wp-image-719\" alt=\"HENRI Grundofen\" \/><\/a>        <\/dt>\n        <dd>\n                                <\/dd>\n    <\/dl>\n\n<br style=\"clear: both\" \/>\n\n    <\/div>\n    <!-- \/module gallery -->\n\t        <\/div>\n\t    \t<\/div>\n\t\t    <\/div>\n\t<\/div><!-- \/themify_builder_sub_row -->\n\t\t        <\/div>\n\t    \t<\/div>\n\t\t<div  class=\"module_column tb-column col4-1 last tb_206_column module_column_1 module_column_206-1-1 tb_d025f27\" style=\"width: 10%\">\n\t    \t    \t        <div class=\"tb-column-inner\">\n\t\t    <!-- module text -->\n<div  class=\"module module-text tb_1d7acbc  repeat  \">\n            <div  class=\"tb_text_wrap\">\n    <p><img decoding=\"async\" loading=\"lazy\" class=\"wp-image-308 alignright\" src=\"https:\/\/henriofen.de\/cms\/wp-content\/uploads\/2019\/03\/bimschv.gif\" alt=\"\" width=\"80\" height=\"80\" \/><\/p>\n    <\/div>\n<\/div>\n<!-- \/module text -->\n\t        <\/div>\n\t    \t<\/div>\n\t\t    <\/div>\n\t    <!-- \/row_inner -->\n\t<\/div>\n\t<!-- \/module_row -->\n\t\t<!-- module_row -->\n\t<div   class=\"themify_builder_row module_row clearfix fullwidth module_row_2 themify_builder_206_row module_row_206-2 tb_whp2291\">\n\t    \t    <div class=\"row_inner col_align_top\" >\n\t\t\t<div  class=\"module_column tb-column col-full first tb_206_column module_column_0 module_column_206-2-0 tb_z7h7293\">\n\t    \t    \t        <div class=\"tb-column-inner\">\n\t\t    <!-- module text -->\n<div  class=\"module module-text tb_0tua293    \">\n            <div  class=\"tb_text_wrap\">\n    <hr \/>\n<h6><strong>Ein Ofentyp, ganz nach unserem Geschmack<\/strong><br \/>Mit dem Grundofen kann eine lang anhaltende und gleichm\u00e4\u00dfige Heizleistung realisiert werden. Gerade im modernen Niedrigenergie-Hausbau kommen Strahlungs- und Speicher\u00f6fen eine gro\u00dfe Bedeutung zu. Hier ist kein gro\u00dfer W\u00e4rmebedarf von N\u00f6ten. Ganz im Gegenteil werden R\u00e4ume in gut isolierten H\u00e4usern schnell \u00fcberheizt. Es gen\u00fcgt meist eine kleine Feuerstelle wie unser HENRI Grundofen mit einer W\u00e4rmeabgabe von circa 1,5Kw\/h. Bei einem Abbrand mit einer F\u00fcllmenge von circa 2,5 kg Holz, h\u00e4lt HENRI Grundofen die W\u00e4rme 6 Stunden lang. Neben dem gem\u00fctlichen Aspekt des Feuers und der damit verbundenen nat\u00fcrlichen W\u00e4rmestrahlung, ist er auch ein Schmuckst\u00fcck f\u00fcr den Aufstellraum. Gerne zieht er auch mit dir um, denn er ist nicht fest installiert, sondern kann mit relativ geringem Aufwand ab- und wieder aufgebaut werden.<\/h6>    <\/div>\n<\/div>\n<!-- \/module text -->\n\t        <\/div>\n\t    \t<\/div>\n\t\t    <\/div>\n\t    <!-- \/row_inner -->\n\t<\/div>\n\t<!-- \/module_row -->\n\t<\/div>\n","protected":false},"excerpt":{"rendered":"<p>F\u00fcr das technische Innenleben, HENRIs Brennkammer, nutzen wir den gepr\u00fcften und zertifizierten Feuerraum von850\u00b0 Handwerklicher Grundofen e.V. Wir sind Mitglied in dem Zusammenschluss von mehreren Ofenbauern, die sich dem Bau von handwerklichen Grund\u00f6fen mit hohem Wirkungsgrad verschrieben haben.\u00a0 \u00a0Nur 135cm hoch, 36cm breit und 45cm tief mit einem Rauchgaszugsystem von bis zu 2 Metern h\u00e4lt [&hellip;]<\/p>\n","protected":false},"author":1,"featured_media":0,"parent":0,"menu_order":0,"comment_status":"closed","ping_status":"closed","template":"","meta":[],"_links":{"self":[{"href":"https:\/\/henriofen.de\/cms\/wp-json\/wp\/v2\/pages\/206"}],"collection":[{"href":"https:\/\/henriofen.de\/cms\/wp-json\/wp\/v2\/pages"}],"about":[{"href":"https:\/\/henriofen.de\/cms\/wp-json\/wp\/v2\/types\/page"}],"author":[{"embeddable":true,"href":"https:\/\/henriofen.de\/cms\/wp-json\/wp\/v2\/users\/1"}],"replies":[{"embeddable":true,"href":"https:\/\/henriofen.de\/cms\/wp-json\/wp\/v2\/comments?post=206"}],"version-history":[{"count":68,"href":"https:\/\/henriofen.de\/cms\/wp-json\/wp\/v2\/pages\/206\/revisions"}],"predecessor-version":[{"id":1186,"href":"https:\/\/henriofen.de\/cms\/wp-json\/wp\/v2\/pages\/206\/revisions\/1186"}],"wp:attachment":[{"href":"https:\/\/henriofen.de\/cms\/wp-json\/wp\/v2\/media?parent=206"}],"curies":[{"name":"wp","href":"https:\/\/api.w.org\/{rel}","templated":true}]}}